{"id":235,"date":"2025-10-16T14:07:35","date_gmt":"2025-10-16T14:07:35","guid":{"rendered":"https:\/\/xchpartner.fr\/?page_id=235"},"modified":"2025-10-24T15:43:00","modified_gmt":"2025-10-24T15:43:00","slug":"et-maintenant","status":"publish","type":"page","link":"https:\/\/xchpartner.fr\/index.php\/accompagnement-coaching\/et-maintenant\/","title":{"rendered":"Et maintenant ?"},"content":{"rendered":"\n<h2 class=\"wp-block-heading has-text-align-center\"><strong><mark style=\"background-color:rgba(0, 0, 0, 0)\" class=\"has-inline-color has-custom-color-1-color\">PRET A VOUS POSER POUR OSER ?<\/mark><\/strong><\/h2>\n\n\n\n<p class=\"has-text-align-center\"><strong><mark style=\"background-color:rgba(0, 0, 0, 0)\" class=\"has-inline-color has-custom-color-4-color\">Echangeons sur vos objectifs et vos enjeux sp\u00e9cifiques et d\u00e9finissons ensemble l\u2019accompagnement le mieux adapt\u00e9 \u00e0 vos besoins<\/mark><\/strong><\/p>\n\n\n\n<h2 class=\"wp-block-heading has-text-align-center\"><strong><mark style=\"background-color:rgba(0, 0, 0, 0)\" class=\"has-inline-color has-custom-color-1-color\">D\u00e9marrons par un \u00e9change sans engagement :<\/mark><\/strong><\/h2>\n\n\n\n<p><mark style=\"background-color:rgba(0, 0, 0, 0)\" class=\"has-inline-color has-custom-color-4-color\">Chaque situation est unique. <\/mark><\/p>\n\n\n\n<p><mark style=\"background-color:rgba(0, 0, 0, 0)\" class=\"has-inline-color has-custom-color-4-color\">Lors de notre premier \u00e9change, nous prendrons le temps d\u2019analyser vos enjeux pour vous proposer un accompagnement parfaitement adapt\u00e9 \u00e0 votre contexte et vos objectifs<\/mark><\/p>\n\n\n\n<p><strong><mark style=\"background-color:rgba(0, 0, 0, 0)\" class=\"has-inline-color has-custom-color-1-color\">Interventions<em> : <\/em><\/mark><\/strong><mark style=\"background-color:rgba(0, 0, 0, 0)\" class=\"has-inline-color has-custom-color-4-color\">en distanciel et france enti\u00e8re<\/mark><\/p>\n\n\n\n<p><strong><mark style=\"background-color:rgba(0, 0, 0, 0)\" class=\"has-inline-color has-custom-color-1-color\">Contact : <\/mark><\/strong><mark style=\"background-color:rgba(0, 0, 0, 0)\" class=\"has-inline-color has-custom-color-4-color\">un message sur mon profil Linkedin. <\/mark><\/p>\n\n\n\n<figure class=\"wp-block-image aligncenter size-full is-resized\"><img loading=\"lazy\" decoding=\"async\" width=\"450\" height=\"450\" src=\"https:\/\/xchpartner.fr\/wp-content\/uploads\/2025\/10\/Code-QR-linkedin.png\" alt=\"\" class=\"wp-image-156\" style=\"width:174px;height:auto\" srcset=\"https:\/\/xchpartner.fr\/wp-content\/uploads\/2025\/10\/Code-QR-linkedin.png 450w, https:\/\/xchpartner.fr\/wp-content\/uploads\/2025\/10\/Code-QR-linkedin-300x300.png 300w, https:\/\/xchpartner.fr\/wp-content\/uploads\/2025\/10\/Code-QR-linkedin-150x150.png 150w\" sizes=\"auto, (max-width: 450px) 100vw, 450px\" \/><\/figure>\n\n\n\n<div class=\"wp-block-buttons is-layout-flex wp-block-buttons-is-layout-flex\">\n<div class=\"wp-block-button is-style-outline is-style-outline--1\"><a class=\"wp-block-button__link wp-element-button\" href=\"https:\/\/xchpartner.fr\/\"><strong><mark style=\"background-color:rgba(0, 0, 0, 0)\" class=\"has-inline-color has-custom-color-4-color\">RETOUR A LA PAGE D&rsquo;ACCUEIL<\/mark><\/strong><\/a><\/div>\n<\/div>\n","protected":false},"excerpt":{"rendered":"<p>PRET A VOUS POSER POUR OSER ? Echangeons sur vos objectifs et vos enjeux sp\u00e9cifiques et d\u00e9finissons ensemble l\u2019accompagnement le mieux adapt\u00e9 \u00e0 vos besoins D\u00e9marrons par un \u00e9change sans engagement : Chaque situation est unique. Lors de notre premier \u00e9change, nous prendrons le temps d\u2019analyser vos enjeux pour vous proposer un accompagnement parfaitement adapt\u00e9 [&hellip;]<\/p>\n","protected":false},"author":1,"featured_media":69,"parent":193,"menu_order":5,"comment_status":"closed","ping_status":"closed","template":"","meta":{"footnotes":""},"class_list":["post-235","page","type-page","status-publish","has-post-thumbnail","hentry"],"_links":{"self":[{"href":"https:\/\/xchpartner.fr\/index.php\/wp-json\/wp\/v2\/pages\/235","targetHints":{"allow":["GET"]}}],"collection":[{"href":"https:\/\/xchpartner.fr\/index.php\/wp-json\/wp\/v2\/pages"}],"about":[{"href":"https:\/\/xchpartner.fr\/index.php\/wp-json\/wp\/v2\/types\/page"}],"author":[{"embeddable":true,"href":"https:\/\/xchpartner.fr\/index.php\/wp-json\/wp\/v2\/users\/1"}],"replies":[{"embeddable":true,"href":"https:\/\/xchpartner.fr\/index.php\/wp-json\/wp\/v2\/comments?post=235"}],"version-history":[{"count":6,"href":"https:\/\/xchpartner.fr\/index.php\/wp-json\/wp\/v2\/pages\/235\/revisions"}],"predecessor-version":[{"id":335,"href":"https:\/\/xchpartner.fr\/index.php\/wp-json\/wp\/v2\/pages\/235\/revisions\/335"}],"up":[{"embeddable":true,"href":"https:\/\/xchpartner.fr\/index.php\/wp-json\/wp\/v2\/pages\/193"}],"wp:featuredmedia":[{"embeddable":true,"href":"https:\/\/xchpartner.fr\/index.php\/wp-json\/wp\/v2\/media\/69"}],"wp:attachment":[{"href":"https:\/\/xchpartner.fr\/index.php\/wp-json\/wp\/v2\/media?parent=235"}],"curies":[{"name":"wp","href":"https:\/\/api.w.org\/{rel}","templated":true}]}}