{"id":227,"date":"2025-10-16T13:50:08","date_gmt":"2025-10-16T13:50:08","guid":{"rendered":"https:\/\/xchpartner.fr\/?page_id=227"},"modified":"2025-10-24T15:40:55","modified_gmt":"2025-10-24T15:40:55","slug":"benefices","status":"publish","type":"page","link":"https:\/\/xchpartner.fr\/index.php\/accompagnement-coaching\/benefices\/","title":{"rendered":"B\u00e9n\u00e9fices d&rsquo;un accompagnement"},"content":{"rendered":"\n<h2 class=\"wp-block-heading has-text-align-center\"><strong><mark style=\"background-color:rgba(0, 0, 0, 0)\" class=\"has-inline-color has-custom-color-1-color\">LES BENEFICES CONCRETS D&rsquo;UN ACCOMPAGNEMENT<\/mark><\/strong><\/h2>\n\n\n\n<p><mark style=\"background-color:rgba(0, 0, 0, 0)\" class=\"has-inline-color has-custom-color-1-color\">Je me mobilise pour un accompagnement qui g\u00e9n\u00e8re des r\u00e9sultats mesurables et durables pour vous et vos \u00e9quipes<\/mark><\/p>\n\n\n\n<h2 class=\"wp-block-heading has-text-align-center\"><strong><mark style=\"background-color:rgba(0, 0, 0, 0)\" class=\"has-inline-color has-custom-color-1-color\">D\u00e9cisions plus claires<\/mark><\/strong><\/h2>\n\n\n\n<p><mark style=\"background-color:rgba(0, 0, 0, 0)\" class=\"has-inline-color has-custom-color-4-color\">==&gt; <em>d\u00e9veloppez votre capacit\u00e9 \u00e0 prendre des d\u00e9cisions \u00e9clair\u00e9es et strat\u00e9giques, m\u00eame dans l\u2019incertitude.<\/em><\/mark><\/p>\n\n\n\n<ul class=\"wp-block-list\">\n<li><em><mark style=\"background-color:rgba(0, 0, 0, 0)\" class=\"has-inline-color has-custom-color-4-color\">analyse structur\u00e9e des enjeux<\/mark><\/em><\/li>\n\n\n\n<li><em><mark style=\"background-color:rgba(0, 0, 0, 0)\" class=\"has-inline-color has-custom-color-4-color\">prise en compte du contexte et des parties prenantes<\/mark><\/em><\/li>\n\n\n\n<li><em><mark style=\"background-color:rgba(0, 0, 0, 0)\" class=\"has-inline-color has-custom-color-4-color\">vision long terme renforc\u00e9e<\/mark><\/em><\/li>\n\n\n\n<li><em><mark style=\"background-color:rgba(0, 0, 0, 0)\" class=\"has-inline-color has-custom-color-4-color\">gestion des risques optimis\u00e9e<\/mark><\/em><\/li>\n<\/ul>\n\n\n\n<h2 class=\"wp-block-heading has-text-align-center\"><strong><mark style=\"background-color:rgba(0, 0, 0, 0)\" class=\"has-inline-color has-custom-color-1-color\">Equipes align\u00e9es et engag\u00e9es<\/mark><\/strong><\/h2>\n\n\n\n<p><mark style=\"background-color:rgba(0, 0, 0, 0)\" class=\"has-inline-color has-custom-color-4-color\">==&gt; <em>f\u00e9d\u00e9rez vos collaborateurs autour d\u2019objectifs communs et lib\u00e9rez leur potentiel collectif<\/em><\/mark><\/p>\n\n\n\n<ul class=\"wp-block-list\">\n<li><em><mark style=\"background-color:rgba(0, 0, 0, 0)\" class=\"has-inline-color has-custom-color-4-color\">coh\u00e9sion d\u2019\u00e9quipe renforc\u00e9e<\/mark><\/em><\/li>\n\n\n\n<li><em><mark style=\"background-color:rgba(0, 0, 0, 0)\" class=\"has-inline-color has-custom-color-4-color\">communication efficace<\/mark><\/em><\/li>\n<\/ul>\n\n\n\n<h2 class=\"wp-block-heading has-text-align-center\"><strong><mark style=\"background-color:rgba(0, 0, 0, 0)\" class=\"has-inline-color has-custom-color-1-color\">Gestion optimale du stress<\/mark><\/strong><\/h2>\n\n\n\n<p><mark style=\"background-color:rgba(0, 0, 0, 0)\" class=\"has-inline-color has-custom-color-4-color\">==&gt;<em> transformez la pression en \u00e9nergie positive et maintenez votre performance<\/em><\/mark><\/p>\n\n\n\n<ul class=\"wp-block-list\">\n<li><em><mark style=\"background-color:rgba(0, 0, 0, 0)\" class=\"has-inline-color has-custom-color-4-color\">techniques de r\u00e9gulation \u00e9motionnelle<\/mark><\/em><\/li>\n\n\n\n<li><em><mark style=\"background-color:rgba(0, 0, 0, 0)\" class=\"has-inline-color has-custom-color-4-color\">gestion des priorit\u00e9s<\/mark><\/em><\/li>\n\n\n\n<li><em><mark style=\"background-color:rgba(0, 0, 0, 0)\" class=\"has-inline-color has-custom-color-4-color\">r\u00e9sistance au changement<\/mark><\/em><\/li>\n\n\n\n<li><em><mark style=\"background-color:rgba(0, 0, 0, 0)\" class=\"has-inline-color has-custom-color-4-color\">s\u00e9r\u00e9nit\u00e9 dans l\u2019action<\/mark><\/em><\/li>\n<\/ul>\n\n\n\n<h2 class=\"wp-block-heading has-text-align-center\"><strong><mark style=\"background-color:rgba(0, 0, 0, 0)\" class=\"has-inline-color has-custom-color-1-color\">Equilibre vie professionnelle \/ vie personnelle<\/mark><\/strong><\/h2>\n\n\n\n<p><mark style=\"background-color:rgba(0, 0, 0, 0)\" class=\"has-inline-color has-custom-color-4-color\">==&gt; <em>trouvez l\u2019harmonie entre vos ambitions professionnelles et votre \u00e9panouissement personnel<\/em><\/mark><\/p>\n\n\n\n<ul class=\"wp-block-list\">\n<li><em><mark style=\"background-color:rgba(0, 0, 0, 0)\" class=\"has-inline-color has-custom-color-4-color\">gestion du temps optimis\u00e9e<\/mark><\/em><\/li>\n\n\n\n<li><em><mark style=\"background-color:rgba(0, 0, 0, 0)\" class=\"has-inline-color has-custom-color-4-color\">limites saines \u00e9tablies<\/mark><\/em><\/li>\n\n\n\n<li><em><mark style=\"background-color:rgba(0, 0, 0, 0)\" class=\"has-inline-color has-custom-color-4-color\">\u00e9nergie renouvel\u00e9e<\/mark><\/em><\/li>\n\n\n\n<li><em><mark style=\"background-color:rgba(0, 0, 0, 0)\" class=\"has-inline-color has-custom-color-4-color\">relations enrichies<\/mark><\/em><\/li>\n<\/ul>\n\n\n\n<div class=\"wp-block-buttons is-layout-flex wp-block-buttons-is-layout-flex\">\n<div class=\"wp-block-button is-style-outline is-style-outline--1\"><a class=\"wp-block-button__link wp-element-button\" href=\"https:\/\/xchpartner.fr\/index.php\/accompagnement-coaching\/mes-services\/\"><strong><mark style=\"background-color:rgba(0, 0, 0, 0)\" class=\"has-inline-color has-custom-color-4-color\">MES SERVICES<\/mark><\/strong><\/a><\/div>\n<\/div>\n","protected":false},"excerpt":{"rendered":"<p>LES BENEFICES CONCRETS D&rsquo;UN ACCOMPAGNEMENT Je me mobilise pour un accompagnement qui g\u00e9n\u00e8re des r\u00e9sultats mesurables et durables pour vous et vos \u00e9quipes D\u00e9cisions plus claires ==&gt; d\u00e9veloppez votre capacit\u00e9 \u00e0 prendre des d\u00e9cisions \u00e9clair\u00e9es et strat\u00e9giques, m\u00eame dans l\u2019incertitude. Equipes align\u00e9es et engag\u00e9es ==&gt; f\u00e9d\u00e9rez vos collaborateurs autour d\u2019objectifs communs et lib\u00e9rez leur potentiel [&hellip;]<\/p>\n","protected":false},"author":1,"featured_media":75,"parent":193,"menu_order":4,"comment_status":"closed","ping_status":"closed","template":"","meta":{"footnotes":""},"class_list":["post-227","page","type-page","status-publish","has-post-thumbnail","hentry"],"_links":{"self":[{"href":"https:\/\/xchpartner.fr\/index.php\/wp-json\/wp\/v2\/pages\/227","targetHints":{"allow":["GET"]}}],"collection":[{"href":"https:\/\/xchpartner.fr\/index.php\/wp-json\/wp\/v2\/pages"}],"about":[{"href":"https:\/\/xchpartner.fr\/index.php\/wp-json\/wp\/v2\/types\/page"}],"author":[{"embeddable":true,"href":"https:\/\/xchpartner.fr\/index.php\/wp-json\/wp\/v2\/users\/1"}],"replies":[{"embeddable":true,"href":"https:\/\/xchpartner.fr\/index.php\/wp-json\/wp\/v2\/comments?post=227"}],"version-history":[{"count":9,"href":"https:\/\/xchpartner.fr\/index.php\/wp-json\/wp\/v2\/pages\/227\/revisions"}],"predecessor-version":[{"id":333,"href":"https:\/\/xchpartner.fr\/index.php\/wp-json\/wp\/v2\/pages\/227\/revisions\/333"}],"up":[{"embeddable":true,"href":"https:\/\/xchpartner.fr\/index.php\/wp-json\/wp\/v2\/pages\/193"}],"wp:featuredmedia":[{"embeddable":true,"href":"https:\/\/xchpartner.fr\/index.php\/wp-json\/wp\/v2\/media\/75"}],"wp:attachment":[{"href":"https:\/\/xchpartner.fr\/index.php\/wp-json\/wp\/v2\/media?parent=227"}],"curies":[{"name":"wp","href":"https:\/\/api.w.org\/{rel}","templated":true}]}}